/((-14)/o - 1). What is the highest common divisor of q and 368?
16
Let q be 9 - (20 + -12) - (0 - 5 - -1). Calculate the highest common factor of 1595 and q.
5
Suppose 91*b - 4173 = -16*b. Calculate the greatest common divisor of b and 5148.
39
Let q(i) = -43*i + 2610. Let g be q(28). What is the greatest common factor of 152 and g?
38
Let q = 1756 + 4558. What is the highest common factor of 82 and q?
82
Suppose 0 = -21*t + 77*t - 35 - 21. Let o(x) = 3*x - 8. Let b be o(7). What is the highest common divisor of t and b?
1
Let j(t) = -t**3 - 2*t**2 - t + 4. Let q be j(-3). Suppose 595 = 14*x + 9513. Let z = x + 649. Calculate the greatest common factor of q and z.
4
Suppose 376 = 3*z + 4*i, 2*z - 2*i = 9*z - 782. Let o(s) = -s**3 + 9*s**2 + 7*s. Let p be o(5). Calculate the highest common divisor of p and z.
27
Suppose 3*a - 15 = -5*t, -t = 2*a + 4 - 7. Suppose 0*j = -c + 3*j + 178, c - j - 182 = a. What is the highest common factor of 8 and c?
8
Suppose 0 = -178*t + 196*t - 28152. Calculate the greatest common divisor of t and 69.
23
Let a be 60 - ((-19 - (-16 - -12)) + 5). Let b(q) be the first derivative of q**3 + q**2/2 + 2. Let g be b(2). Calculate the highest common divisor of a and g.
14
Suppose -25 = -4*p - 9. Let l(s) = s**2 - 6*s + 11. Let i be l(p). Suppose -i*b + 7*b = 616. What is the highest common factor of b and 22?
22
Suppose 55*h = 13282 + 963. Calculate the greatest common factor of h and 555.
37
Let j be 321 + -12*(-10 - -9). Calculate the highest common factor of j and 45.
9
Let v = 3824 + -3768. Calculate the highest common divisor of v and 756.
28
Let q = 12886 + -7796. What is the greatest common factor of 30 and q?
10
Let k be 1/(1 + -2)*-31. Let p = k + -4. Let c = 543 - 525. Calculate the greatest common divisor of c and p.
9
Let z(m) = -3*m**2 + 15*m - 7. Let w be z(4). Suppose w*r - 5*j - 60 = 0, -r + 2*j + 15 - 3 = 0. Calculate the greatest common factor of r and 15.
3
Suppose -109*m - 10389 + 62424 = -18161. Calculate the greatest common factor of 112 and m.
28
Let h(z) = -725*z - 1300. Let x be h(-4). Calculate the highest common factor of x and 7000.
200
Let v be (53 + (2 - 2))*-1. Suppose 6*u - 48 - 378 = 0. Let a = v + u. Calculate the highest common factor of a and 24.
6
Suppose 0 = 4*i + 4, 13*i = -2*d + 12*i + 13. Suppose -263 + 165 = -d*c. Calculate the greatest common divisor of c and 266.
14
Suppose -n = 7*n - 23616. Suppose n = 16*d - 1000. What is the greatest common divisor of d and 19?
19
Let v(c) = 19*c**2 + 17*c - 66. Let w be v(16). Suppose -w = -2*t - 8*t. Calculate the highest common divisor of t and 39.
39
Suppose 8*o = -2*o + 3*o. Suppose 2*l + 5*h + 0*h + 21 = o, 4*l = 2*h + 18. Calculate the greatest common factor of 16 and l.
2
Suppose -5 = 6*i - 23. Suppose o - 160 = -5*v, 54 = 3*v - i*o - 60. What is the greatest common divisor of 77 and v?
11
Suppose 28*y - 26*y - 5*f = 755, -f = 3*y - 1158. Let m(j) = -19*j - 1. Let n be m(4). Let s = n - -112. What is the highest common factor of y and s?
35
Suppose -130655 = -112*u + 193697. Calculate the greatest common factor of u and 64.
16
Let u(k) = -25*k + 2077. Let o be u(83). What is the highest common divisor of 328 and o?
2
Suppose -31*s = -33*s + 4*q + 36, -4*q = 5*s - 6. Let k(c) = 2*c**3 - 2*c**2 - 6. Let g be k(6). What is the greatest common divisor of s and g?
6
Let d(s) = s**3 + s**2 + 8*s + 3. Let o(n) = n**2 + 9*n + 25. Let j be o(-6). Let c be d(j). What is the highest common factor of c and 41?
41
Suppose -p - 13 = -3*c + 8, -c = 2*p + 77. Let h = p - -106. Calculate the highest common factor of h and 105.
35
Let j(t) = 12*t - 80. Let g be j(7). Suppose 7*b - 5*b - h = 843, g*h - 1704 = -4*b. What is the highest common factor of 47 and b?
47
Let r(a) = a**3 + 22*a**2 - 26*a - 13. Let f(t) = 11*t**2 - 124*t + 10. Let l be f(11). Let b be r(l). What is the greatest common factor of b and 224?
56
Suppose 0 = 52*z - 49*z. Suppose 5*m = 4*f - 418, f = 4*m - z*m + 99. Suppose 2*l - 53 = f. Calculate the greatest common divisor of 20 and l.
20
Suppose -24 = t - 6*t + 2*r, -24 = -4*t + 4*r. Suppose -t*n + 240 = 6*n. Let d = -7 + 19. Calculate the greatest common factor of n and d.
12
Suppose -5*z - 60 = -7*z - 5*d, -8*z = 2*d - 312. Calculate the greatest common factor of 71080 and z.
40
Let c be ((-324)/81)/(2/(-35)). What is the highest common factor of c and 3325?
35
Let k(u) = -9*u + 31 - 17 - 8 - 30. Let a be k(-5). What is the highest common divisor of 70 and a?
7
Let x = 6639 + -6614. Suppose 3400 + 4850 = 6*l. What is the highest common factor of l and x?
25
Suppose 0 = 14*x - 21*x + 1162. Suppose -5*t - 270 = -9*d + 4*d, -4*t = -3*d + x. Calculate the greatest common divisor of d and 20.
10
Let i be (1 - -59)*(-21)/14. Let p = 163 + i. What is the highest common divisor of 292 and p?
73
Suppose o + 5 - 7 = 0. Suppose -5*a + 0*a + 4*n = 446, o*n = 5*a + 448. Let f = a + 122. What is the greatest common divisor of f and 48?
16
Let c = -5184 + 5880. Calculate the highest common factor of 56 and c.
8
Suppose 59*k - 14125 - 18213 = 3298. Calculate the highest common divisor of 1661 and k.
151
Let v = 4391 - 4239. Calculate the greatest common divisor of 361 and v.
19
Suppose 0 = -8*q + 24. Suppose 192 = q*v + 36. Suppose 5*z - 77 = -4*y, -32 = -3*y - y + 4*z. Calculate the highest common divisor of y and v.
13
Suppose -299 - 548 = -7*u. Suppose 6*q = -3*x + 2*q + u, -q = 4*x - 170. Calculate the greatest common divisor of 43 and x.
43
Let s(p) = 3*p**2 - 41*p - 8. Let y be s(14). Let l be ((-9)/y)/(4/(-440)*3). Let a = -46 + 51. Calculate the highest common divisor of a and l.
5
Let z = -1845 + 2035. What is the highest common factor of z and 4370?
190
Let s(x) be the second derivative of -x**4/12 + 4*x**3/3 + 15*x**2/2 - 48*x. Let c be s(5). Calculate the highest common factor of c and 390.
30
Suppose 2*r = 4*r - 176. Suppose -2*u - 218 = -5*t, u + 6498 - 6587 = -2*t. Calculate the highest common divisor of t and r.
44
Let i = -3622 - -3670. What is the highest common divisor of i and 1812?
12
Let y be (-12)/1*(-3)/(-4). Let l = y - -9. Suppose -2*d - d + 3 = l, 2*s = d + 137. Calculate the highest common factor of 46 and s.
23
Let v = 34265 - 19628. What is the greatest common factor of v and 119?
119
Suppose -k = -2*y - 261, 4*y + 1290 = 5*k - y. Let s = -5 - -20. Calculate the highest common divisor of k and s.
15
Let o(l) = l**3 - 15*l**2 + 38*l - 12. Let i be o(12). What is the greatest common divisor of i and 228?
12
Let k be (-3)/(-5 + 2) - -23. Let o(z) = -2*z**2 - 11*z + 3. Let t be o(-2). Suppose t*f - 80 = 15*f. Calculate the highest common factor of k and f.
8
Let r be 1 + -1 - (0 + -150). Suppose 0 = -3*c - 379 + 469. Calculate the greatest common divisor of r and c.
30
Let w = 19137 - 18878. What is the greatest common divisor of w and 7?
7
Let c(k) = 22*k**2 + 2*k. Let d be c(2). Let r = d + -58. Let a = 34107 - 34039. What is the greatest common factor of a and r?
34
Let t = 3541 + -3349. Calculate the highest common divisor of 24 and t.
24
Suppose 0 = -2*z + 5*z. Suppose 9 = -5*y + 2*w - z*w, 2 = w. Let b(g) = 2*g**2 - g. Let q be b(y). Calculate the highest common factor of q and 3.
3
Suppose -84 = -i - 3*i. Let g(u) = -4 - 7 - 4 + 1 + 2*u**2 + 15. Let n be g(-1). What is the greatest common factor of n and i?
3
Let a(f) = f**2 + 4*f - 8. Let q be a(4). Let t(w) = 16 - 96*w + 19 - q*w - 34. Let h be t(-1). What is the greatest common divisor of 11 and h?
11
Let g be (81 - 77) + 40/4. Calculate the greatest common divisor of g and 4312.
14
Suppose -y + 106 + 62 = 0. Suppose 3*m = -3*v - 6, -5*v - 8 = 4*m - 7*v. Let i be (-8)/m*-9*(-22)/33. Calculate the greatest common divisor of y and i.
24
Suppose -115*y - 45 = -124*y. Suppose -5*x - 4*q + 76 + 9 = 0, -2*q + 75 = y*x. What is the greatest common divisor of 741 and x?
13
Let l be 442/8 + (-30)/8*249/(-1245). Calculate the highest common factor of 1816 and l.
8
Suppose 490 = 3*d - 5*a, 0 = 6*d + 5*d - 4*a - 1768. Calculate the highest common divisor of 64 and d.
32
Let c(x) = x**3 + 3*x**2 + 3*x + 5. Let f be c(-2). Suppose 3*a - 30 = -f*j, j - 3*a = -0 - 2. What is the highest common divisor of 112 and j?
7
Suppose 2644 + 1866 = b. What is the greatest common